{"id":2815,"date":"2023-06-16T12:51:40","date_gmt":"2023-06-16T12:51:40","guid":{"rendered":"https:\/\/lafarinerasantlluis.com\/finca\/interior\/%zona%\/el-carro-pedrer"},"modified":"2023-09-18T11:21:09","modified_gmt":"2023-09-18T11:21:09","slug":"el-carro-pedrer","status":"publish","type":"interior","link":"https:\/\/lafarinerasantlluis.com\/es\/finca\/interior\/las-salas\/el-carro-pedrer","title":{"rendered":"El Carro Pedrer"},"content":{"rendered":"\n<h2 class=\"wp-block-heading\">Un espacio para reuniones, formaciones y presentaciones en peque\u00f1o comit\u00e9<\/h2>\n\n<p>Hemos bautizado esta sala con el nombre de una m\u00e1quina muy utilizada antiguamente en las f\u00e1bricas para separar el grano de las piedras: se trata de El Carro Pedrer. Este espacio est\u00e1 preparado para albergar actividades de car\u00e1cter empresarial, tales como peque\u00f1as reuniones, formaciones y presentaciones. <\/p>\n\n<p>Por este motivo, tiene un dise\u00f1o elegante y minimalista con colores suaves que estimulan la productividad. Adem\u00e1s, est\u00e1 equipada con una pantalla y un proyector; tiene una superficie de unos 26 metros cuadrados y capacidad para unas 25 o 30 personas, en funci\u00f3n de la disposici\u00f3n de las sillas y la mesa. <\/p>\n","protected":false},"featured_media":1832,"template":"","zona":[105],"class_list":["post-2815","interior","type-interior","status-publish","has-post-thumbnail","hentry","zona-las-salas"],"meta_box":{"capacitat_maxima":"35 personas","zona":"Inferior","planta":"1","superficie":"26.7","mida":"3,97 x 6,37","alcada":"2,90 - 3,10","conferencia":"0","formacio":"0","banquet":"0","presentacio":"0","reunio":"16","coctel":"0","sales__foto_gran":[{"width":150,"height":150,"file":"galeria-01-carro-pedrer.jpg","filesize":390336,"sizes":{"medium":{"file":"galeria-01-carro-pedrer-960x640.jpg","width":960,"height":640,"mime-type":"image\/jpeg","filesize":101135,"url":"https:\/\/lafarinerasantlluis.com\/wp-content\/uploads\/galeria-01-carro-pedrer-960x640.jpg"},"thumbnail":{"file":"galeria-01-carro-pedrer-150x150.jpg","width":150,"height":150,"mime-type":"image\/jpeg","filesize":5998,"url":"https:\/\/lafarinerasantlluis.com\/wp-content\/uploads\/galeria-01-carro-pedrer-150x150.jpg"},"medium_large":{"file":"galeria-01-carro-pedrer-768x512.jpg","width":768,"height":512,"mime-type":"image\/jpeg","filesize":64317,"url":"https:\/\/lafarinerasantlluis.com\/wp-content\/uploads\/galeria-01-carro-pedrer-768x512.jpg"},"1536x1536":{"file":"galeria-01-carro-pedrer-1536x1024.jpg","width":1536,"height":1024,"mime-type":"image\/jpeg","filesize":238194,"url":"https:\/\/lafarinerasantlluis.com\/wp-content\/uploads\/galeria-01-carro-pedrer-1536x1024.jpg"},"image-480":{"file":"galeria-01-carro-pedrer-480x320.jpg","width":480,"height":320,"mime-type":"image\/jpeg","filesize":28567,"url":"https:\/\/lafarinerasantlluis.com\/wp-content\/uploads\/galeria-01-carro-pedrer-480x320.jpg"},"image-720":{"file":"galeria-01-carro-pedrer-720x480.jpg","width":720,"height":480,"mime-type":"image\/jpeg","filesize":56998,"url":"https:\/\/lafarinerasantlluis.com\/wp-content\/uploads\/galeria-01-carro-pedrer-720x480.jpg"},"image-960":{"file":"galeria-01-carro-pedrer-960x640.jpg","width":960,"height":640,"mime-type":"image\/jpeg","filesize":101135,"url":"https:\/\/lafarinerasantlluis.com\/wp-content\/uploads\/galeria-01-carro-pedrer-960x640.jpg"},"image-1168":{"file":"galeria-01-carro-pedrer-1168x779.jpg","width":1168,"height":779,"mime-type":"image\/jpeg","filesize":139296,"url":"https:\/\/lafarinerasantlluis.com\/wp-content\/uploads\/galeria-01-carro-pedrer-1168x779.jpg"},"image-1440":{"file":"galeria-01-carro-pedrer-1440x960.jpg","width":1440,"height":960,"mime-type":"image\/jpeg","filesize":211560,"url":"https:\/\/lafarinerasantlluis.com\/wp-content\/uploads\/galeria-01-carro-pedrer-1440x960.jpg"}},"image_meta":{"aperture":"0","credit":"","camera":"","caption":"","created_timestamp":"0","copyright":"","focal_length":"0","iso":"0","shutter_speed":"0","title":"","orientation":"0","keywords":[]},"ID":"922","name":"galeria-01-carro-pedrer.jpg","path":"\/homepages\/19\/d704675014\/htdocs\/clickandbuilds\/LaFarineraSantLlus\/wp-content\/uploads\/galeria-01-carro-pedrer.jpg","url":"https:\/\/lafarinerasantlluis.com\/wp-content\/uploads\/galeria-01-carro-pedrer-150x150.jpg","full_url":"https:\/\/lafarinerasantlluis.com\/wp-content\/uploads\/galeria-01-carro-pedrer.jpg","title":"galeria-01-carro-pedrer","caption":"","description":"","alt":"El Carro Pedrer","srcset":false}],"sales__galeria_fotos":[]},"_links":{"self":[{"href":"https:\/\/lafarinerasantlluis.com\/es\/wp-json\/wp\/v2\/interior\/2815","targetHints":{"allow":["GET"]}}],"collection":[{"href":"https:\/\/lafarinerasantlluis.com\/es\/wp-json\/wp\/v2\/interior"}],"about":[{"href":"https:\/\/lafarinerasantlluis.com\/es\/wp-json\/wp\/v2\/types\/interior"}],"wp:featuredmedia":[{"embeddable":true,"href":"https:\/\/lafarinerasantlluis.com\/es\/wp-json\/wp\/v2\/media\/1832"}],"wp:attachment":[{"href":"https:\/\/lafarinerasantlluis.com\/es\/wp-json\/wp\/v2\/media?parent=2815"}],"wp:term":[{"taxonomy":"zona","embeddable":true,"href":"https:\/\/lafarinerasantlluis.com\/es\/wp-json\/wp\/v2\/zona?post=2815"}],"curies":[{"name":"wp","href":"https:\/\/api.w.org\/{rel}","templated":true}]}}

<h2 class="wp-block-heading">Un espacio para reuniones, formaciones y presentaciones en pequeño comité</h2>

<p>Hemos bautizado esta sala con el nombre de una máquina muy utilizada antiguamente en las fábricas para separar el grano de las piedras: se trata de El Carro Pedrer. Este espacio está preparado para albergar actividades de carácter empresarial, tales como pequeñas reuniones, formaciones y presentaciones. </p>

<p>Por este motivo, tiene un diseño elegante y minimalista con colores suaves que estimulan la productividad. Además, está equipada con una pantalla y un proyector; tiene una superficie de unos 26 metros cuadrados y capacidad para unas 25 o 30 personas, en función de la disposición de las sillas y la mesa. </p>
